 + 2 - 0 - -6?
2
What is (-12 - -10 - -16) + -15?
-1
Evaluate 8 + -4 + -11 + 5.
-2
5 - (6 + -3 + 1 + -2)
3
Evaluate (5 + -2 + 0 - 4) + 1.
0
Calculate (1 - -1) + -3 + (5 - -1).
5
Calculate 8 - (8 + 6 + -10).
4
What is the value of 3 + (-1 - (5 + 1))?
-4
Calculate 4 - -1 - (20 + (-22 - -11)).
-4
Calculate 1 - (-2 + 12 + -5).
-4
What is the value of (0 - 0) + (-10 - -8)?
-2
Calculate -12 - (-3 - (-15 - -14)).
-10
What is the value of 27 + -39 + -1 + 8?
-5
What is (-12 - (10 + -29)) + -5?
2
What is (-5 - -1 - -7) + (2 - -1)?
6
-5 - (6 + -5 - 0)
-6
Evaluate (2 - -2) + (-2 - 2) + 3.
3
Calculate -5 + (3 - ((-5 - -11) + -3)).
-5
Calculate -4 - (-9 + 6 + 2).
-3
-1 + -4 + -3 - -4
-4
Calculate (6 - 1) + (-4 - (0 - 2)).
3
What is the value of -7 - -8 - ((3 - -1) + -6)?
3
Calculate -1 + (-6 - (0 + -8)).
1
What is (-4 - (1 + -4 + 2)) + 7?
4
Calculate -54 - -48 - (0 - 4).
-2
Calculate (9 - 17 - (-7 - -2)) + 6.
3
What is the value of 0 + 1 + (14 - 19) + 10?
6
What is (-1 - -5 - (14 + -5)) + 4?
-1
Evaluate -1 + 6 - (1 - -3).
1
Calculate 41 + -42 + (2 - (1 - 2)).
2
Calculate -3 - (2 + 1 - 5).
-1
What is -1 + (-4 + 3 + 1 - 2)?
-3
Calculate 15 + -18 - (0 - -3 - 3).
-3
What is 7 - (10 - 8) - 9?
-4
What is (-7 - -1) + (10 - (5 - -4))?
-5
What is the value of (-6 - -13) + -3 + 2 + -3?
3
Evaluate -10 - (-8 - -2) - -9.
5
What is -1 + 8 - ((3 - 6) + 5)?
5
What is the value of 5 - (-1 + 3 - (0 - 2))?
1
Evaluate -3 + 4 - (2 + 1) - 2.
-4
What is the value of 3 - -2 - (-1 - -6) - 1?
-1
Calculate 2 + -3 + 0 + -3 + 4.
0
What is 4 + (-9 - 6) - -8?
-3
Evaluate (-1 - 1) + 1 + 6 + -5.
0
What is the value of -7 - (6 - ((-2 - -20) + -6))?
-1
-3 + 0 + (-2 - 3) + 3
-5
-22 + 11 + 16 + -2
3
4 + -1 + (2 - 0) + -4
1
What is the value of 5 - ((10 - -4) + -3 - 2)?
-4
(3 - (4 + -6)) + -1 - 5
-1
Calculate -4 + (3 - 3) + 6.
2
What is the value of 0 - -1 - (-7 - -2 - -4)?
2
Evaluate -11 - (-2 - (-1 + (1 - -5))).
-4
What is -6 - -1 - (30 - 25)?
-10
What is (10 - 10) + (0 - -3) + 0?
3
Calculate (-18 - -13) + (2 - 2).
-5
What is the value of 2 + -2 + 7 + -7?
0
What is the value of -46 + 46 + 1 + 0?
1
Calculate 1 - (2 - (5 - (-3 - -3))).
4
What is -3 + 16 - (-4 - 0 - -11)?
6
Calculate (1 - -1) + (-4 - -3).
1
-3 + 10 + -1 + -7
-1
What is the value of 30 + -28 + (3 - 2)?
3
Calculate -3 + -5 + 3 + 1.
-4
-7 - -5 - 1 - -9
6
What is -15 - -7 - (-6 + 2)?
-4
Evaluate -1 - 0 - (-1 - -3).
-3
(-1 - (-1 + -5)) + -11 + 9
3
Evaluate -1 + -2 + (44 - 36).
5
Calculate (1 - 0 - (1 - 7)) + -1.
6
Calculate -7 + (-6 - -7) - -3.
-3
What is the value of -2 - -7 - -6 - 14?
-3
What is the value of 2 - (2 + -10 - -5)?
5
What is -8 - (3 - (-2 + 11) - -3)?
-5
Evaluate -5 + 5 + -1 + (2 - 4).
-3
What is the value of 10 + (7 - (7 - -1))?
9
-2 + 5 + (-9 - -2) + -1
-5
-4 - (-3 + 0 + 4)
-5
What is 10 + -1 + (-6 - -5 - 4)?
4
What is the value of (0 + 1 - (14 - 15)) + 2?
4
What is the value of 6 + -8 + (8 - -1) + -4?
3
What is the value of (-1 - (-2 - 2)) + (0 - -1)?
4
1 - (0 + 0 + 2 + 2)
-3
Calculate 5 + (-8 - (2 + -3)).
-2
What is the value of 4 + (6 - 7) + -1 + -5?
-3
Calculate (-1 - 2) + 2 + -4.
-5
Evaluate (4 - (-4 + 8 + -5)) + -2.
3
Evaluate 1 - (7 - 7 - 4).
5
Evaluate (0 - (-6 + 0)) + -5.
1
10 - (3 - -2) - 10
-5
Evaluate (1 - (1 + 10)) + 122 + -117.
-5
What is (-6 - -2 - -5) + (0 - 0)?
1
Evaluate 3 - (-7 + -3) - (0 + 7).
6
0 - (-1 - 3 - (37 + -41))
0
What is -14 + (0 - -2 - -11)?
-1
(4 - (-1 + 3)) + 1 + -1
2
Calculate -1 - 8 - (-38 - -31).
-2
Calculate -283 - -271 - (-22 - -1).
9
What is 1 - (3 - 0) - (-1 - -2)?
-3
What is 1 + 1 + (-15 - -5) + 10?
2
-2 - (2 - (1 + (-5 - -3)))
-5
What is 6 + -4 - (-14 + 23)?
-7
Evaluate 2 + 8 + (10 - 15).
5
What is the value of -5 - (1 + 0 + (-14 - -9))?
-1
Evaluate (-3 - (-7 - -4)) + (6 - 1).
5
Calculate (-144 - -125) + (2 - -6).
-11
What is the value of -9 + (-5 - -6) - -5?
-3
Evaluate -5 + -1 + -3 + 11 + -8.
-6
Calculate -9 - (-6 - (6 + 2)).
5
What is the value of (1 + -5 - (-2 + 3)) + 1?
-4
5 + -3 + -1 + 3 - 2
2
Evaluate 1 + -9 + -2 + 3.
-7
What is the value of (-10 - (2 + -2)) + -7 + 12?
-5
Evaluate (4 - 1) + (-2 - -2 - 3).
0
What is (-4 + 3 - 3) + 8?
4
What is 1 - (-2 + 7 + -3 + -2)?
1
What is the value of (6 - (9 - -2)) + 7?
2
2 - (-5 + 3 + 6)
-2
Evaluate 9 - 9 - -6 - 10.
-4
What is (2 - -1) + (6 - 7 - 5)?
-3
What is 0 + (11 - 17) + 0 + 5?
-1
What is 1 + 1 + -1 + -5?
-4
Evaluate 1 + 1 + 2 + 0.
4
Calculate (-1 - 3) + -1 + 9.
4
What is the value of -1 + -3 + 2 - -1?
-1
What is the value of 17 + (2 - 23) + 12 + 1?
9
Calculate -13 + 3 - -6 - 0.
-4
Evaluate 0 - 4 - (9 + -15).
2
-29 + 22 - (1 - 8)
0
Calculate (-2 - (-4 + 1)) + -3.
-2
What is -4 - (-18 + (17 - 4))?
1
Evaluate -1 + -2 + 7 + -4 - -4.
4
(7 + -13 - 1) + 5
-2
What is -8 + 1 - -3 - 2?
-6
Evaluate (-4 - -14) + -6 - 3.
1
What is -2 + -5 + -2 + 1?
-8
What is 1 + (7 - (-1 - -4))?
5
5 + -5 + (2 - -3)
5
Evaluate 2 + 2 - ((-4 - -5) + 3).
0
What is -13 - (-2 + -3 + 3 + -4)?
-7
Evaluate 8 + -12 + (1 - 1 - -1).
-3
What is the value of 5 + 4 + (-5 - 3)?
1
Evaluate (-3 - 2) + 1 + (5 - 1).
0
Calculate 0 - 1 - (1 - (2 + -1)).
-1
Calculate -2 + (7 - 2) - (0 + 2).
1
Calculate -3 + -8 + 4 + 4.
-3
What is 0 + 4 + -1 + 0?
3
What is the value of -1 + -1 - -7 - 3?
2
Calculate -6 + -9 + 23 - (2 - -3).
3
Calculate 1 + -2 - (-1 - 21 - -30).
-9
-6 - -1 - (-17 - -4)
8
What is the value of (-1 - 0) + -2 + (-40 - -39)?
-4
Evaluate (-7 - -6) + -3 + 1.
-3
What is the value of 10 + (-11 - 1) + -22 + 26?
2
Calculate (2 - (3 + 9)) + 6.
-4
What is -4 - (4 + (5 - 6)) - -5?
-2
What is -5 - (3 - 3 - 5)?
0
What is the value of -10 - 1 - (8 + -14)?
-5
Calculate -15 + 24 - (4 + 2).
3
Calculate 7 - (-4 - -7 - 4).
8
What is the value of (-14 - (-7 - 1)) + 11?
5
-3 + 0 + (38 - 36)
-1
6 - (4 + 1 - -8)
-7
What is the value of 10 - 5 - (4 - 1)?
2
What is -6 - -10 - (18 + -7)?
-7
Evaluate -3 - (0 - (2 + 0)).
-1
2 + -3 + 0 + (-2 - 5)
-8
Evaluate (0 - -4) + -3 - 4.
-3
-14 + 9 + 2 + 7
4
88 + -99 + -1 + 22
10
(-3 - (0 + -3)) + (20 - 25)
-5
Evaluate 0 + 1 - 6 - (16 - 19).
-2
Calculate (1 - 4) + 5 - 4.
-2
Evaluate 4 + (1 - -2 - (3 + 1)).
3
Evaluate 8 - (-4 + 4 + (0 - -4)).
4
Calculate 12 + 1 - (11 - 6 - -1).
7
Evaluate 6 + -5 - (3 - (-2 + 3)).
-1
Evaluate 0 + -2 + 2 - -3.
3
(-3 - (6 - 16)) + 1
8
What is the value of 5 + (-7 - -5) + -5?
-2
What is the value of 2 + (-11 + -1 - -6)?
-4
What is (15 + -8 + 0 - 20) + 6?
-7
Calculate -6 + (4 - 4) + -2 + 6.
-2
3 + 2 + -2 + 3 + -3
3
What is 6 + -1 - ((2 - -3) + 4)?
-4
Calculate 2 + -8 + 4 + -2.
-4
Calculate -1 - (3 + 0) - -9.
5
What is 3 - (1 + -6) - 8?
0
Evaluate -2 - (-1 - -2 - 11 - -4).
4
Evaluate -6 + 5 + -3 + 10.
6
Calculate 0 + 2 - (-2 + 4).
0
(1 - -7) + (-4 - 2)
2
(-5 - -9) + -1 + -7
-4
What is the value of 4 - (-1 - -6 - -1)?
-2
Calculate 81 + -80 + (-2 - (-2 - -6)).
-5
Evaluate 7 - (4 + 3 - -1) - 0.
-1
What is 5 + (-3 - (8 - 6))?
0
Evaluate -5 + 7 + -12 + 7.
-3
Evaluate -4 - (1 - (0 + 3)).
-2
Evaluate -1 - -8 - (5 + 0).
2
What is 7 + (6 - (-3 + 2)) + -13?
1
Calculate (1 - 5 - (-2 - -3)) + 6.
1
What is the value of 2 - (-3 - (-1 + (1 - 0)))?
5
1 - -2 - 10 - -4
-3
Evaluate 5 + (0 - (2 + (-5 - -2))).
6
Calculate 4 - 22 - -12 - -8.
2
What is 3 + (6 - (-2 - -9))?
2
(4 - 0) + (-10 - (-6 - -2))
-2
Calculate (2 + -12 - (-1 + 0)) + 4.
-5
Calculate (7 - 5) + (-5 - 1).
-4
Calculate -7 - (-3 - (-5 + 8 + -4)).
-5
3 - -1 - 7 - -3
0
Calculate 2 + (1 - (-4 - (-2 - 1))).
4
Calculate (2 - 8 - -8) + -2.
0
What is the value of 5 + -11 + (5 - 5)?
-6
What is (13 - 19) + (-4 - (1 + -1))?
-10
-14 - -11 - (-1 + 2)
-4
(67 - 71) + (-3 + 3 - -13)
9
Evaluate -5 + (-4 - -4 - 0).
-5
Calculate (-4 + 0 - 0) + 1.
-3
What is -28 + 26 + -8 + 3?
-7
Calculate -2 - (1 - (-4 + 0 + 3)).
-4
What is -3 - 11 - (-1 + -5 - -1)?
-9
-22 - -15 - (0 - 11)
4
Evaluate -6 - (-9 + 4 - -3) - 3.
-7
Calculate (5 - 0) + (1 + -3 - 3).
0
Calculate -2 - (-10 - (-5 - 0)).
3
6 - (-1 + 0 - (-12 - -10))
5
Evaluate -1 + -3 + 2 + (3 - 4).
-3
Evaluate -2 + -5 + (2 - -3).
-2
What is 3 - (1 - (8 + -4) - -11)?
-5
What is (-2 - 1) + (-8 - (-1 + -8))?
-2
((-4 - 3) + 8 - 2) + -3
-4
Calculate 2 + 2 + (-3 + -1 - 4).
-4
Evaluate 6 + 5 - (8 + -2).
5
What is the value of -1 + 0 - (-2 + 0)?
1
Calculate (12 + -16 - -1) + (0 - -2).
-1
What is 4 + (1 + 0 - 3)?
2
Calculate 7 + -5 + -5 + (-1 - -1).
-3
What is th